{"id":24,"date":"2012-12-17T12:04:37","date_gmt":"2012-12-17T11:04:37","guid":{"rendered":"http:\/\/www.groupe-icare.com\/?page_id=24"},"modified":"2022-04-25T17:58:45","modified_gmt":"2022-04-25T15:58:45","slug":"references-juridiques","status":"publish","type":"page","link":"https:\/\/www.groupe-icare.com\/solutions-emploi\/les-structures\/references-juridiques\/","title":{"rendered":"R\u00e9f\u00e9rences juridiques"},"content":{"rendered":"<p>Dans le cadre de l\u2019Economie Sociale et Solidaire (l&rsquo;ESS) GROUPE ICARE regroupe plusieurs structures de l&rsquo;Insertion par l&rsquo;activit\u00e9 \u00e9conomique :<\/p>\n<ul>\n<li><strong>ICARE<\/strong> : AI (Association Interm\u00e9diaire)<\/li>\n<li><strong>GIROL<\/strong> : ETTI (Entreprise de Travail Temporaire d\u2019Insertion)<\/li>\n<li><strong>ITEM<\/strong> : ACI (Atelier de Chantier d\u2019Insertion)<\/li>\n<li><strong>MAIA<\/strong> : EI (Entreprise d\u2019Insertion)<\/li>\n<\/ul>\n<p>et <b>DOMICARE<\/b> Entreprise de services \u00e0 la personne.<\/p>\n<p>&nbsp;<\/p>\n","protected":false},"excerpt":{"rendered":"<p>Dans le cadre de l\u2019Economie Sociale et Solidaire (l&rsquo;ESS) GROUPE ICARE regroupe plusieurs structures de l&rsquo;Insertion par l&rsquo;activit\u00e9 \u00e9conomique : ICARE : AI (Association Interm\u00e9diaire) GIROL : ETTI (Entreprise de Travail Temporaire d\u2019Insertion) ITEM : ACI (Atelier de Chantier d\u2019Insertion) MAIA : EI (Entreprise d\u2019Insertion) et DOMICARE Entreprise de services \u00e0 la personne. &nbsp;<\/p>\n","protected":false},"author":11,"featured_media":7158,"parent":20,"menu_order":30,"comment_status":"open","ping_status":"closed","template":"","meta":{"_et_pb_use_builder":"","_et_pb_old_content":"","_et_gb_content_width":"","jetpack_post_was_ever_published":false},"yoast_head":"<!-- This site is optimized with the Yoast SEO plugin v21.1 - https:\/\/yoast.com\/wordpress\/plugins\/seo\/ -->\n<title>R\u00e9f\u00e9rences juridiques - ICARE ITEM GIROL groupe. Services et emplois en Rh\u00f4ne-Alpes<\/title>\n<meta name=\"robots\" content=\"index, follow, max-snippet:-1, max-image-preview:large, max-video-preview:-1\" \/>\n<link rel=\"canonical\" href=\"https:\/\/www.groupe-icare.com\/solutions-emploi\/les-structures\/references-juridiques\/\" \/>\n<meta property=\"og:locale\" content=\"fr_FR\" \/>\n<meta property=\"og:type\" content=\"article\" \/>\n<meta property=\"og:title\" content=\"R\u00e9f\u00e9rences juridiques - ICARE ITEM GIROL groupe. Services et emplois en Rh\u00f4ne-Alpes\" \/>\n<meta property=\"og:description\" content=\"Dans le cadre de l\u2019Economie Sociale et Solidaire (l&rsquo;ESS) GROUPE ICARE regroupe plusieurs structures de l&rsquo;Insertion par l&rsquo;activit\u00e9 \u00e9conomique : ICARE : AI (Association Interm\u00e9diaire) GIROL : ETTI (Entreprise de Travail Temporaire d\u2019Insertion) ITEM : ACI (Atelier de Chantier d\u2019Insertion) MAIA : EI (Entreprise d\u2019Insertion) et DOMICARE Entreprise de services \u00e0 la personne. &nbsp;\" \/>\n<meta property=\"og:url\" content=\"https:\/\/www.groupe-icare.com\/solutions-emploi\/les-structures\/references-juridiques\/\" \/>\n<meta property=\"og:site_name\" content=\"ICARE ITEM GIROL groupe. Services et emplois en Rh\u00f4ne-Alpes\" \/>\n<meta property=\"article:modified_time\" content=\"2022-04-25T15:58:45+00:00\" \/>\n<meta property=\"og:image\" content=\"https:\/\/i0.wp.com\/www.groupe-icare.com\/solutions-emploi\/wp-content\/uploads\/2012\/12\/lecture.jpg?fit=940%2C940&ssl=1\" \/>\n\t<meta property=\"og:image:width\" content=\"940\" \/>\n\t<meta property=\"og:image:height\" content=\"940\" \/>\n\t<meta property=\"og:image:type\" content=\"image\/jpeg\" \/>\n<meta name=\"twitter:card\" content=\"summary_large_image\" \/>\n<meta name=\"twitter:label1\" content=\"Dur\u00e9e de lecture estim\u00e9e\" \/>\n\t<meta name=\"twitter:data1\" content=\"1 minute\" \/>\n<script type=\"application\/ld+json\" class=\"yoast-schema-graph\">{\"@context\":\"https:\/\/schema.org\",\"@graph\":[{\"@type\":\"WebPage\",\"@id\":\"https:\/\/www.groupe-icare.com\/solutions-emploi\/les-structures\/references-juridiques\/\",\"url\":\"https:\/\/www.groupe-icare.com\/solutions-emploi\/les-structures\/references-juridiques\/\",\"name\":\"R\u00e9f\u00e9rences juridiques - ICARE ITEM GIROL groupe. Services et emplois en Rh\u00f4ne-Alpes\",\"isPartOf\":{\"@id\":\"https:\/\/www.groupe-icare.com\/solutions-emploi\/#website\"},\"datePublished\":\"2012-12-17T11:04:37+00:00\",\"dateModified\":\"2022-04-25T15:58:45+00:00\",\"breadcrumb\":{\"@id\":\"https:\/\/www.groupe-icare.com\/solutions-emploi\/les-structures\/references-juridiques\/#breadcrumb\"},\"inLanguage\":\"fr-FR\",\"potentialAction\":[{\"@type\":\"ReadAction\",\"target\":[\"https:\/\/www.groupe-icare.com\/solutions-emploi\/les-structures\/references-juridiques\/\"]}]},{\"@type\":\"BreadcrumbList\",\"@id\":\"https:\/\/www.groupe-icare.com\/solutions-emploi\/les-structures\/references-juridiques\/#breadcrumb\",\"itemListElement\":[{\"@type\":\"ListItem\",\"position\":1,\"name\":\"Accueil\",\"item\":\"https:\/\/www.groupe-icare.com\/solutions-emploi\/\"},{\"@type\":\"ListItem\",\"position\":2,\"name\":\"Qui sommes-nous ?\",\"item\":\"https:\/\/www.groupe-icare.com\/solutions-emploi\/les-structures\/\"},{\"@type\":\"ListItem\",\"position\":3,\"name\":\"R\u00e9f\u00e9rences juridiques\"}]},{\"@type\":\"WebSite\",\"@id\":\"https:\/\/www.groupe-icare.com\/solutions-emploi\/#website\",\"url\":\"https:\/\/www.groupe-icare.com\/solutions-emploi\/\",\"name\":\"ICARE ITEM GIROL groupe. Services et emplois en Rh\u00f4ne-Alpes\",\"description\":\"les solutions emploi de Rh\u00f4ne-Alpes\",\"potentialAction\":[{\"@type\":\"SearchAction\",\"target\":{\"@type\":\"EntryPoint\",\"urlTemplate\":\"https:\/\/www.groupe-icare.com\/solutions-emploi\/?s={search_term_string}\"},\"query-input\":\"required name=search_term_string\"}],\"inLanguage\":\"fr-FR\"}]}<\/script>\n<!-- \/ Yoast SEO plugin. -->","yoast_head_json":{"title":"R\u00e9f\u00e9rences juridiques - ICARE ITEM GIROL groupe. Services et emplois en Rh\u00f4ne-Alpes","robots":{"index":"index","follow":"follow","max-snippet":"max-snippet:-1","max-image-preview":"max-image-preview:large","max-video-preview":"max-video-preview:-1"},"canonical":"https:\/\/www.groupe-icare.com\/solutions-emploi\/les-structures\/references-juridiques\/","og_locale":"fr_FR","og_type":"article","og_title":"R\u00e9f\u00e9rences juridiques - ICARE ITEM GIROL groupe. Services et emplois en Rh\u00f4ne-Alpes","og_description":"Dans le cadre de l\u2019Economie Sociale et Solidaire (l&rsquo;ESS) GROUPE ICARE regroupe plusieurs structures de l&rsquo;Insertion par l&rsquo;activit\u00e9 \u00e9conomique : ICARE : AI (Association Interm\u00e9diaire) GIROL : ETTI (Entreprise de Travail Temporaire d\u2019Insertion) ITEM : ACI (Atelier de Chantier d\u2019Insertion) MAIA : EI (Entreprise d\u2019Insertion) et DOMICARE Entreprise de services \u00e0 la personne. &nbsp;","og_url":"https:\/\/www.groupe-icare.com\/solutions-emploi\/les-structures\/references-juridiques\/","og_site_name":"ICARE ITEM GIROL groupe. Services et emplois en Rh\u00f4ne-Alpes","article_modified_time":"2022-04-25T15:58:45+00:00","og_image":[{"width":940,"height":940,"url":"https:\/\/i0.wp.com\/www.groupe-icare.com\/solutions-emploi\/wp-content\/uploads\/2012\/12\/lecture.jpg?fit=940%2C940&ssl=1","type":"image\/jpeg"}],"twitter_card":"summary_large_image","twitter_misc":{"Dur\u00e9e de lecture estim\u00e9e":"1 minute"},"schema":{"@context":"https:\/\/schema.org","@graph":[{"@type":"WebPage","@id":"https:\/\/www.groupe-icare.com\/solutions-emploi\/les-structures\/references-juridiques\/","url":"https:\/\/www.groupe-icare.com\/solutions-emploi\/les-structures\/references-juridiques\/","name":"R\u00e9f\u00e9rences juridiques - ICARE ITEM GIROL groupe. Services et emplois en Rh\u00f4ne-Alpes","isPartOf":{"@id":"https:\/\/www.groupe-icare.com\/solutions-emploi\/#website"},"datePublished":"2012-12-17T11:04:37+00:00","dateModified":"2022-04-25T15:58:45+00:00","breadcrumb":{"@id":"https:\/\/www.groupe-icare.com\/solutions-emploi\/les-structures\/references-juridiques\/#breadcrumb"},"inLanguage":"fr-FR","potentialAction":[{"@type":"ReadAction","target":["https:\/\/www.groupe-icare.com\/solutions-emploi\/les-structures\/references-juridiques\/"]}]},{"@type":"BreadcrumbList","@id":"https:\/\/www.groupe-icare.com\/solutions-emploi\/les-structures\/references-juridiques\/#breadcrumb","itemListElement":[{"@type":"ListItem","position":1,"name":"Accueil","item":"https:\/\/www.groupe-icare.com\/solutions-emploi\/"},{"@type":"ListItem","position":2,"name":"Qui sommes-nous ?","item":"https:\/\/www.groupe-icare.com\/solutions-emploi\/les-structures\/"},{"@type":"ListItem","position":3,"name":"R\u00e9f\u00e9rences juridiques"}]},{"@type":"WebSite","@id":"https:\/\/www.groupe-icare.com\/solutions-emploi\/#website","url":"https:\/\/www.groupe-icare.com\/solutions-emploi\/","name":"ICARE ITEM GIROL groupe. Services et emplois en Rh\u00f4ne-Alpes","description":"les solutions emploi de Rh\u00f4ne-Alpes","potentialAction":[{"@type":"SearchAction","target":{"@type":"EntryPoint","urlTemplate":"https:\/\/www.groupe-icare.com\/solutions-emploi\/?s={search_term_string}"},"query-input":"required name=search_term_string"}],"inLanguage":"fr-FR"}]}},"jetpack_shortlink":"https:\/\/wp.me\/P7CrYq-o","jetpack-related-posts":[{"id":16,"url":"https:\/\/www.groupe-icare.com\/solutions-emploi\/nos-services-aux-professionnels\/les-clauses-dinsertion\/","url_meta":{"origin":24,"position":0},"title":"Les clauses d&rsquo;insertion","author":"Communication-Icare","date":"17 d\u00e9cembre 2012","format":false,"excerpt":"\u00a0facilitez vous : \u00a0La r\u00e9ponse aux march\u00e9s avec les clauses sociales Article 14 \u00a0: Valider l\u2019engagement de collaboration avec l\u2019ETTI GIROL pour la mise \u00e0 disposition de personnel adapt\u00e9 \u00e0 vos besoins du march\u00e9 Article 53 : \u2022 Co-construction sur la mise en \u0153uvre de la clause sociale du march\u00e9\u2026","rel":"","context":"Article similaire","block_context":{"text":"Article similaire","link":""},"img":{"alt_text":"","src":"https:\/\/i0.wp.com\/www.groupe-icare.com\/solutions-emploi\/wp-content\/uploads\/2016\/12\/March\u00e9s-publics.jpg?fit=1200%2C760&ssl=1&resize=350%2C200","width":350,"height":200,"srcset":"https:\/\/i0.wp.com\/www.groupe-icare.com\/solutions-emploi\/wp-content\/uploads\/2016\/12\/March\u00e9s-publics.jpg?fit=1200%2C760&ssl=1&resize=350%2C200 1x, https:\/\/i0.wp.com\/www.groupe-icare.com\/solutions-emploi\/wp-content\/uploads\/2016\/12\/March\u00e9s-publics.jpg?fit=1200%2C760&ssl=1&resize=525%2C300 1.5x, https:\/\/i0.wp.com\/www.groupe-icare.com\/solutions-emploi\/wp-content\/uploads\/2016\/12\/March\u00e9s-publics.jpg?fit=1200%2C760&ssl=1&resize=700%2C400 2x, https:\/\/i0.wp.com\/www.groupe-icare.com\/solutions-emploi\/wp-content\/uploads\/2016\/12\/March\u00e9s-publics.jpg?fit=1200%2C760&ssl=1&resize=1050%2C600 3x"},"classes":[]},{"id":911,"url":"https:\/\/www.groupe-icare.com\/solutions-emploi\/nos-services-aux-professionnels\/nos-documents\/","url_meta":{"origin":24,"position":1},"title":"Nos articles de presse","author":"Communication-Icare","date":"31 octobre 2013","format":false,"excerpt":"\u00a0 Plaquette GIROL Janvier 2015 plaquette groupe ICARE \u00a0 \u00a0 \u00a0 \u00a0 \u00a0 \u00a0 \u00a0 \u00a0 \u00a0","rel":"","context":"Article similaire","block_context":{"text":"Article similaire","link":""},"img":{"alt_text":"","src":"https:\/\/i0.wp.com\/www.groupe-icare.com\/solutions-emploi\/wp-content\/uploads\/2016\/10\/groupe-icare-900x560.jpg?fit=900%2C560&ssl=1&resize=350%2C200","width":350,"height":200,"srcset":"https:\/\/i0.wp.com\/www.groupe-icare.com\/solutions-emploi\/wp-content\/uploads\/2016\/10\/groupe-icare-900x560.jpg?fit=900%2C560&ssl=1&resize=350%2C200 1x, https:\/\/i0.wp.com\/www.groupe-icare.com\/solutions-emploi\/wp-content\/uploads\/2016\/10\/groupe-icare-900x560.jpg?fit=900%2C560&ssl=1&resize=525%2C300 1.5x, https:\/\/i0.wp.com\/www.groupe-icare.com\/solutions-emploi\/wp-content\/uploads\/2016\/10\/groupe-icare-900x560.jpg?fit=900%2C560&ssl=1&resize=700%2C400 2x"},"classes":[]},{"id":35,"url":"https:\/\/www.groupe-icare.com\/solutions-emploi\/vous-etes-demandeur-demploi\/les-offres-demploi-2-2\/","url_meta":{"origin":24,"position":2},"title":"Les offres d&#8217;emploi","author":"Communication-Icare","date":"17 d\u00e9cembre 2012","format":false,"excerpt":"[et_pb_accordion admin_label=\"Les offres d'emploi\u2026","rel":"","context":"Article similaire","block_context":{"text":"Article similaire","link":""},"img":{"alt_text":"","src":"https:\/\/i0.wp.com\/www.groupe-icare.com\/solutions-emploi\/wp-content\/uploads\/2016\/10\/groupe-icare-900x560.jpg?fit=900%2C560&ssl=1&resize=350%2C200","width":350,"height":200,"srcset":"https:\/\/i0.wp.com\/www.groupe-icare.com\/solutions-emploi\/wp-content\/uploads\/2016\/10\/groupe-icare-900x560.jpg?fit=900%2C560&ssl=1&resize=350%2C200 1x, https:\/\/i0.wp.com\/www.groupe-icare.com\/solutions-emploi\/wp-content\/uploads\/2016\/10\/groupe-icare-900x560.jpg?fit=900%2C560&ssl=1&resize=525%2C300 1.5x, https:\/\/i0.wp.com\/www.groupe-icare.com\/solutions-emploi\/wp-content\/uploads\/2016\/10\/groupe-icare-900x560.jpg?fit=900%2C560&ssl=1&resize=700%2C400 2x"},"classes":[]},{"id":20,"url":"https:\/\/www.groupe-icare.com\/solutions-emploi\/les-structures\/","url_meta":{"origin":24,"position":3},"title":"Qui sommes-nous ?","author":"Communication-Icare","date":"17 d\u00e9cembre 2012","format":false,"excerpt":"Le GROUPE ICARE est un acteur lyonnais cherchant constamment \u00e0 apporter des solutions pour l\u2019emploi local. Le groupe ICARE favorise les solutions pour l\u2019emploi local Nos associations de l\u2019insertion par\u2026","rel":"","context":"Article similaire","block_context":{"text":"Article similaire","link":""},"img":{"alt_text":"","src":"https:\/\/i0.wp.com\/www.groupe-icare.com\/solutions-emploi\/wp-content\/uploads\/2016\/10\/groupe-icare-900x560.jpg?fit=900%2C560&ssl=1&resize=350%2C200","width":350,"height":200,"srcset":"https:\/\/i0.wp.com\/www.groupe-icare.com\/solutions-emploi\/wp-content\/uploads\/2016\/10\/groupe-icare-900x560.jpg?fit=900%2C560&ssl=1&resize=350%2C200 1x, https:\/\/i0.wp.com\/www.groupe-icare.com\/solutions-emploi\/wp-content\/uploads\/2016\/10\/groupe-icare-900x560.jpg?fit=900%2C560&ssl=1&resize=525%2C300 1.5x, https:\/\/i0.wp.com\/www.groupe-icare.com\/solutions-emploi\/wp-content\/uploads\/2016\/10\/groupe-icare-900x560.jpg?fit=900%2C560&ssl=1&resize=700%2C400 2x"},"classes":[]},{"id":11,"url":"https:\/\/www.groupe-icare.com\/solutions-emploi\/nos-services-aux-professionnels\/","url_meta":{"origin":24,"position":4},"title":"Nos services aux entreprises (Girol)","author":"Communication-Icare","date":"10 juin 2015","format":false,"excerpt":"GIROL est l\u2019entreprise de travail temporaire d\u2019insertion (ETTI) du Groupe ICARE GIROL identifie et valorise les comp\u00e9tences et la motivation des publics prioritaires, d\u00e9sireuses de se professionnaliser et de stabiliser durablement leur situation professionnelle, Et apporte leurs comp\u00e9tences et leur expertise au service des employeurs ouverts \u00e0 la diff\u00e9rence. Vous\u2026","rel":"","context":"Article similaire","block_context":{"text":"Article similaire","link":""},"img":{"alt_text":"","src":"","width":0,"height":0},"classes":[]},{"id":12,"url":"https:\/\/www.groupe-icare.com\/solutions-emploi\/nos-services-aux-professionnels\/les-metiers\/","url_meta":{"origin":24,"position":5},"title":"Nos offres de services pour les professionnels","author":"Communication-Icare","date":"17 d\u00e9cembre 2019","format":false,"excerpt":"Nous assurons la mise \u00e0 disposition d'un personnel form\u00e9 \u00e0 diff\u00e9rents m\u00e9tiers et\u2026","rel":"","context":"Article similaire","block_context":{"text":"Article similaire","link":""},"img":{"alt_text":"","src":"","width":0,"height":0},"classes":[]}],"jetpack_sharing_enabled":true,"_links":{"self":[{"href":"https:\/\/www.groupe-icare.com\/solutions-emploi\/wp-json\/wp\/v2\/pages\/24"}],"collection":[{"href":"https:\/\/www.groupe-icare.com\/solutions-emploi\/wp-json\/wp\/v2\/pages"}],"about":[{"href":"https:\/\/www.groupe-icare.com\/solutions-emploi\/wp-json\/wp\/v2\/types\/page"}],"author":[{"embeddable":true,"href":"https:\/\/www.groupe-icare.com\/solutions-emploi\/wp-json\/wp\/v2\/users\/11"}],"replies":[{"embeddable":true,"href":"https:\/\/www.groupe-icare.com\/solutions-emploi\/wp-json\/wp\/v2\/comments?post=24"}],"version-history":[{"count":5,"href":"https:\/\/www.groupe-icare.com\/solutions-emploi\/wp-json\/wp\/v2\/pages\/24\/revisions"}],"predecessor-version":[{"id":9608,"href":"https:\/\/www.groupe-icare.com\/solutions-emploi\/wp-json\/wp\/v2\/pages\/24\/revisions\/9608"}],"up":[{"embeddable":true,"href":"https:\/\/www.groupe-icare.com\/solutions-emploi\/wp-json\/wp\/v2\/pages\/20"}],"wp:featuredmedia":[{"embeddable":true,"href":"https:\/\/www.groupe-icare.com\/solutions-emploi\/wp-json\/wp\/v2\/media\/7158"}],"wp:attachment":[{"href":"https:\/\/www.groupe-icare.com\/solutions-emploi\/wp-json\/wp\/v2\/media?parent=24"}],"curies":[{"name":"wp","href":"https:\/\/api.w.org\/{rel}","templated":true}]}}